{"id":2303,"date":"2019-06-20T10:10:40","date_gmt":"2019-06-20T10:10:40","guid":{"rendered":"https:\/\/onlineinnovation.se\/?page_id=2303"},"modified":"2019-09-24T13:54:47","modified_gmt":"2019-09-24T13:54:47","slug":"marknadsforing","status":"publish","type":"page","link":"https:\/\/onlineinnovation.se\/index.php\/marknadsforing\/","title":{"rendered":"Online Marknadsf\u00f6ring och Internet Annonsering"},"content":{"rendered":"<div class=\"wpb-content-wrapper\"><p>[vc_row bg_type=&#8221;image&#8221; parallax_style=&#8221;vcpb-vz-jquery&#8221; bg_image_new=&#8221;id^2312|url^https:\/\/onlineinnovation.se\/wp-content\/uploads\/2019\/06\/Online-Innovation-huvudkvarter-marknadsfo\u0308ring-internet-annosering-skyskrapa.jpg|caption^null|alt^null|title^Online Innovation huvudkvarter marknadsfo\u0308ring internet annosering skyskrapa|description^null&#8221; bg_image_repeat=&#8221;no-repeat&#8221; bg_override=&#8221;ex-full&#8221; type=&#8221;vc_default&#8221; margin_top=&#8221;-50&#8243; css=&#8221;.vc_custom_1561064929863{padding-top: 10% !important;padding-bottom: 10% !important;background-color: #0b5482 !important;}&#8221;][vc_column offset=&#8221;vc_col-lg-12 vc_col-md-12&#8243; css=&#8221;.vc_custom_1526058643829{padding-top: 100px !important;padding-bottom: 20px !important;}&#8221;]<div id=\"ultimate-heading-901969f1f0f6796fb\" class=\"uvc-heading ult-adjust-bottom-margin ultimate-heading-901969f1f0f6796fb uvc-7946 accent-subtitle-color\" data-hspacer=\"no_spacer\"  data-halign=\"center\" style=\"text-align:center\"><div class=\"uvc-heading-spacer no_spacer\" style=\"top\"><\/div><div class=\"uvc-main-heading ult-responsive\"  data-ultimate-target='.uvc-heading.ultimate-heading-901969f1f0f6796fb h2'  data-responsive-json-new='{\"font-size\":\"desktop:70px;mobile_landscape:30px;\",\"line-height\":\"desktop:80px;mobile_landscape:40px;\"}' ><h2 style=\"--font-weight:theme;color:#ffffff;\">Online Marknadsf\u00f6ring och Internet Annonsering<\/h2><\/div><\/div><style type=\"text\/css\" data-type=\"the7_shortcodes-inline-css\">.dt-breadcrumbs-id-81fd1249f36a695bde73b848b379b3e1 .breadcrumbs {\n  display: inline-block;\n  margin: 0;\n  padding: 3px 10px 3px 10px;\n  background: rgba(255,255,255,0.15);\n  border: 0px solid rgba(255,255,255,0.25);\n  border-radius: 5px;\n}\n.dt-breadcrumbs-id-81fd1249f36a695bde73b848b379b3e1 .breadcrumbs * {\n  font-size: 13px;\n  line-height: 16px;\n  color: #ffffff;\n}<\/style><div class=\"dt-breadcrumbs-shortcode dt-breadcrumbs-id-81fd1249f36a695bde73b848b379b3e1 align-centre\"><div class=\"assistive-text\">Du \u00e4r h\u00e4r:<\/div><ol class=\"breadcrumbs text-small\" itemscope itemtype=\"https:\/\/schema.org\/BreadcrumbList\"><li itemprop=\"itemListElement\" itemscope itemtype=\"https:\/\/schema.org\/ListItem\"><a itemprop=\"item\" href=\"https:\/\/onlineinnovation.se\/\" title=\"Startsida\"><span itemprop=\"name\">Startsida<\/span><\/a><meta itemprop=\"position\" content=\"1\" \/><\/li><li class=\"current\" itemprop=\"itemListElement\" itemscope itemtype=\"https:\/\/schema.org\/ListItem\"><span itemprop=\"name\">Sida<\/span><meta itemprop=\"position\" content=\"2\" \/><\/li><\/ol><\/div>[\/vc_column][\/vc_row][vc_row type=&#8221;vc_default&#8221; css=&#8221;.vc_custom_1490276038258{padding-top: 70px !important;padding-bottom: 30px !important;}&#8221;][vc_column offset=&#8221;vc_col-lg-6 vc_col-md-6 vc_col-xs-12&#8243; css=&#8221;.vc_custom_1490268456882{padding-bottom: 50px !important;}&#8221;]<div id=\"ultimate-heading-111169f1f0f6798b1\" class=\"uvc-heading ult-adjust-bottom-margin ultimate-heading-111169f1f0f6798b1 uvc-5421 accent-subtitle-color\" data-hspacer=\"no_spacer\"  data-halign=\"center\" style=\"text-align:center\"><div class=\"uvc-heading-spacer no_spacer\" style=\"top\"><\/div><div class=\"uvc-sub-heading ult-responsive\"  data-ultimate-target='.uvc-heading.ultimate-heading-111169f1f0f6798b1 .uvc-sub-heading '  data-responsive-json-new='{\"font-size\":\"desktop:40px;mobile_landscape:22px;\",\"line-height\":\"desktop:50px;mobile_landscape:32px;\"}'  style=\"font-family:&#039;Roboto&#039;;font-weight:normal;color:#ffffff;margin-top:10px;margin-bottom:25px;\"><\/p>\n<h2 style=\"text-align: left;\">L\u00e5t oss hj\u00e4lpa dig dra full nytta av annonsering p\u00e5 internet<\/h2>\n<p><\/div><\/div>[vc_column_text]Vi skapar digital marknadsf\u00f6ring och online marknadsf\u00f6ringskampanjer f\u00f6r ditt f\u00f6retag och varum\u00e4rke f\u00f6r att f\u00f6rb\u00e4ttra konverteringen av trafik till mer leads och f\u00f6rs\u00e4ljningar. Vi kommer hj\u00e4lpa ditt f\u00f6retag att rankas h\u00f6gt organiskt och genom betald annonsering.[\/vc_column_text]<div class=\"ult-content-box-container \" >\t\t<div class=\"ult-content-box\" style=\"background-color:#f9f9f9;box-shadow: px px px px none;border-style:solid;border-width:5px;border-radius:10px;border-color:#efefef;padding:20px;margin:10px;-webkit-transition: all 700ms ease;-moz-transition: all 700ms ease;-ms-transition: all 700ms ease;-o-transition: all 700ms ease;transition: all 700ms ease;\"  data-hover_box_shadow=\"none\"    data-normal_margins=\"margin:10px;\"   data-bg=\"#f9f9f9\"  data-border_color=\"#efefef\" ><div id=\"ultimate-heading-549569f1f0f6799b9\" class=\"uvc-heading ult-adjust-bottom-margin ultimate-heading-549569f1f0f6799b9 uvc-870 accent-subtitle-color\" data-hspacer=\"no_spacer\"  data-halign=\"left\" style=\"text-align:left\"><div class=\"uvc-heading-spacer no_spacer\" style=\"top\"><\/div><div class=\"uvc-sub-heading ult-responsive\"  data-ultimate-target='.uvc-heading.ultimate-heading-549569f1f0f6799b9 .uvc-sub-heading '  data-responsive-json-new='{\"font-size\":\"desktop:40px;mobile_landscape:22px;\",\"line-height\":\"desktop:50px;mobile_landscape:32px;\"}'  style=\"font-family:&#039;Roboto&#039;;font-weight:normal;color:#ffffff;margin-top:10px;margin-bottom:25px;\"><\/p>\n<h3 style=\"text-align: left;\">Gratis uppringning<\/h3>\n<p><\/div><\/div>[vc_column_text]Om du letar efter n\u00e5gon som kan hj\u00e4lpa dig att komma ig\u00e5ng, eller f\u00f6r att hantera din social media annonskampanj m\u00e5nadsvis har Online Innovation har en skr\u00e4ddarsydd l\u00f6sning f\u00f6r dig. Om du \u00e4r intresserad av v\u00e5ra tj\u00e4nster, sl\u00e5 oss g\u00e4rna en <a href=\"https:\/\/onlineinnovation.se\/index.php\/kontakt\/\">signal<\/a> eller <a href=\"https:\/\/onlineinnovation.se\/index.php\/kontakt\/\">maila<\/a> oss f\u00f6r mer information.[\/vc_column_text]<div id=\"ultimate-heading-842269f1f0f679a00\" class=\"uvc-heading ult-adjust-bottom-margin ultimate-heading-842269f1f0f679a00 uvc-3689 accent-subtitle-color\" data-hspacer=\"no_spacer\"  data-halign=\"left\" style=\"text-align:left\"><div class=\"uvc-heading-spacer no_spacer\" style=\"top\"><\/div><div class=\"uvc-sub-heading ult-responsive\"  data-ultimate-target='.uvc-heading.ultimate-heading-842269f1f0f679a00 .uvc-sub-heading '  data-responsive-json-new='{\"font-size\":\"desktop:40px;mobile_landscape:22px;\",\"line-height\":\"desktop:50px;mobile_landscape:32px;\"}'  style=\"font-family:&#039;Roboto&#039;;font-weight:normal;color:#ffffff;margin-top:10px;margin-bottom:25px;\"><\/p>\n<h3 style=\"text-align: left;\">L\u00e5t oss ringa dig:<\/h3>\n<p><\/div><\/div>\n<div class=\"wpcf7 no-js\" id=\"wpcf7-f2305-o1\" lang=\"en-US\" dir=\"ltr\" data-wpcf7-id=\"2305\">\n<div class=\"screen-reader-response\"><p role=\"status\" aria-live=\"polite\" aria-atomic=\"true\"><\/p> <ul><\/ul><\/div>\n<form action=\"\/index.php\/wp-json\/wp\/v2\/pages\/2303#wpcf7-f2305-o1\" method=\"post\" class=\"wpcf7-form init\" aria-label=\"Contact form\" novalidate=\"novalidate\" data-status=\"init\">\n<fieldset class=\"hidden-fields-container\"><input type=\"hidden\" name=\"_wpcf7\" value=\"2305\" \/><input type=\"hidden\" name=\"_wpcf7_version\" value=\"6.1.5\" \/><input type=\"hidden\" name=\"_wpcf7_locale\" value=\"en_US\" \/><input type=\"hidden\" name=\"_wpcf7_unit_tag\" value=\"wpcf7-f2305-o1\" \/><input type=\"hidden\" name=\"_wpcf7_container_post\" value=\"0\" \/><input type=\"hidden\" name=\"_wpcf7_posted_data_hash\" value=\"\" \/><input type=\"hidden\" name=\"_wpcf7_recaptcha_response\" value=\"\" \/>\n<\/fieldset>\n<p><label> Ditt Namn<br \/>\n<span class=\"wpcf7-form-control-wrap\" data-name=\"ditt-namn\"><input size=\"40\" maxlength=\"400\" class=\"wpcf7-form-control wpcf7-text wpcf7-validates-as-required\" aria-required=\"true\" aria-invalid=\"false\" value=\"\" type=\"text\" name=\"ditt-namn\" \/><\/span> <\/label>\n<\/p>\n<p><label> Ditt Nummer<br \/>\n<span class=\"wpcf7-form-control-wrap\" data-name=\"ditt-nummer\"><input class=\"wpcf7-form-control wpcf7-number wpcf7-validates-as-required wpcf7-validates-as-number\" aria-required=\"true\" aria-invalid=\"false\" value=\"\" type=\"number\" name=\"ditt-nummer\" \/><\/span> <\/label>\n<\/p>\n<p><input class=\"wpcf7-form-control wpcf7-submit has-spinner\" type=\"submit\" value=\"Skicka\" \/>\n<\/p><div class=\"wpcf7-response-output\" aria-hidden=\"true\"><\/div>\n<\/form>\n<\/div>\n\t\t<\/div><\/div><div id=\"ultimate-heading-372969f1f0f67b19a\" class=\"uvc-heading ult-adjust-bottom-margin ultimate-heading-372969f1f0f67b19a uvc-5083 accent-border-color\" data-hspacer=\"line_only\"  data-halign=\"left\" style=\"text-align:left\"><div class=\"uvc-main-heading ult-responsive\"  data-ultimate-target='.uvc-heading.ultimate-heading-372969f1f0f67b19a h2'  data-responsive-json-new='{\"font-size\":\"desktop:26px;\",\"line-height\":\"desktop:36px;\"}' ><h2 style=\"--font-weight:theme;margin-bottom:10px;\">SEO<\/h2><\/div><div class=\"uvc-heading-spacer line_only\" style=\"margin-bottom:45px;height:3px;\"><span class=\"uvc-headings-line\" style=\"border-style:solid;border-bottom-width:3px;border-color:#ccc;width:70px;\"><\/span><\/div><\/div>[vc_column_text]Hemsidemarknadsf\u00f6ring (ocks\u00e5 k\u00e4nt som <em>internetmarknadsf\u00f6ring<\/em>, internet annonsering och online marknadsf\u00f6ring) \u00e4r den bredare termen som inkluderar SEO. Hemsidemarknadsf\u00f6ring inkluderar b\u00e5de betald och organiska s\u00f6kresultat. I webbannonsering och marknadsf\u00f6ringsforum, \u00e4r termen &#8221;internet marknadsf\u00f6ring&#8221; exklusivt anv\u00e4nd f\u00f6r <a href=\"https:\/\/en.wikipedia.org\/wiki\/Pay_per_click\">betala-per-klick<\/a> (ppc) annonsering. F\u00f6r mer information kring SEO, bes\u00f6k v\u00e5r <a href=\"https:\/\/onlineinnovation.se\/index.php\/seo\/\">SEO tj\u00e4nst.<\/a>[\/vc_column_text]<div id=\"ultimate-heading-469569f1f0f67b1fc\" class=\"uvc-heading ult-adjust-bottom-margin ultimate-heading-469569f1f0f67b1fc uvc-2498 accent-border-color\" data-hspacer=\"line_only\"  data-halign=\"left\" style=\"text-align:left\"><div class=\"uvc-main-heading ult-responsive\"  data-ultimate-target='.uvc-heading.ultimate-heading-469569f1f0f67b1fc h2'  data-responsive-json-new='{\"font-size\":\"desktop:26px;\",\"line-height\":\"desktop:36px;\"}' ><h2 style=\"--font-weight:theme;margin-bottom:10px;\">Betala per klick (PPC)<\/h2><\/div><div class=\"uvc-heading-spacer line_only\" style=\"margin-bottom:45px;height:3px;\"><span class=\"uvc-headings-line\" style=\"border-style:solid;border-bottom-width:3px;border-color:#ccc;width:70px;\"><\/span><\/div><\/div>[vc_column_text]<a href=\"https:\/\/en.wikipedia.org\/wiki\/Pay_per_click\">Betala-per-klick<\/a> internet marknadsf\u00f6ringskampanjer kan ge dig v\u00e4sentlig riktad trafik till omedelbart; oavsett om du \u00e4r en start-up hemsida, k\u00f6r en kampanj, \u00e4r i en v\u00e4ldigt konkurrenskraftig industri eller bara helt enkelt vill att fler folk ska se dig. Flexibelt och prisv\u00e4rd, s\u00f6kmotor och social media &#8221;betala-per-klick&#8221; kampnajer kan struktureras f\u00f6r att rikta sig mot en specifik marknad p\u00e5 en f\u00f6rutbest\u00e4md kostnad som du kan reglera under kampanjen och du betalar bara per klick.[\/vc_column_text][\/vc_column][vc_column offset=&#8221;vc_col-lg-6 vc_col-md-6 vc_col-xs-12&#8243; css=&#8221;.vc_custom_1490268460084{padding-bottom: 50px !important;}&#8221;]<div id=\"ultimate-heading-972369f1f0f67b244\" class=\"uvc-heading ult-adjust-bottom-margin ultimate-heading-972369f1f0f67b244 uvc-9502 accent-border-color\" data-hspacer=\"line_only\"  data-halign=\"left\" style=\"text-align:left\"><div class=\"uvc-main-heading ult-responsive\"  data-ultimate-target='.uvc-heading.ultimate-heading-972369f1f0f67b244 h2'  data-responsive-json-new='{\"font-size\":\"desktop:26px;\",\"line-height\":\"desktop:36px;\"}' ><h2 style=\"--font-weight:theme;margin-bottom:10px;\">S\u00f6kmotormarknadsf\u00f6ring (SEM)<\/h2><\/div><div class=\"uvc-heading-spacer line_only\" style=\"margin-bottom:45px;height:3px;\"><span class=\"uvc-headings-line\" style=\"border-style:solid;border-bottom-width:3px;border-color:#ccc;width:70px;\"><\/span><\/div><\/div>[vc_column_text]S\u00f6kmotormarknadsf\u00f6ring (SEM) anv\u00e4nds f\u00f6r att promota hemsidor genom att \u00f6ka deras visibilitet i s\u00f6kmotorresultat sidorna (SERPs). Detta uppn\u00e5s genom anv\u00e4ndning av betald placering, kontextuell annonsering och betald inkludering.[\/vc_column_text]<div id=\"ultimate-heading-188469f1f0f67b286\" class=\"uvc-heading ult-adjust-bottom-margin ultimate-heading-188469f1f0f67b286 uvc-4274 accent-border-color\" data-hspacer=\"line_only\"  data-halign=\"left\" style=\"text-align:left\"><div class=\"uvc-main-heading ult-responsive\"  data-ultimate-target='.uvc-heading.ultimate-heading-188469f1f0f67b286 h2'  data-responsive-json-new='{\"font-size\":\"desktop:26px;\",\"line-height\":\"desktop:36px;\"}' ><h2 style=\"--font-weight:theme;margin-bottom:10px;\">Social Media Marknadsf\u00f6ring (SMM)<\/h2><\/div><div class=\"uvc-heading-spacer line_only\" style=\"margin-bottom:45px;height:3px;\"><span class=\"uvc-headings-line\" style=\"border-style:solid;border-bottom-width:3px;border-color:#ccc;width:70px;\"><\/span><\/div><\/div>[vc_column_text]<a href=\"https:\/\/sv.wikipedia.org\/wiki\/Sociala_medier\">Social media marknadsf\u00f6ring<\/a>, eller SMM, anv\u00e4nds f\u00f6r att promota hemsidor genom att \u00f6ka deras visibilitet p\u00e5 sociala medier &#8211; s\u00e5som Facebook, Instagram och LinkedIn. Detta uppn\u00e5s genom att anv\u00e4nda betald placering, kontextuell annonsering och betald inkludering f\u00f6r att f\u00e5 inflytande p\u00e5 kunder och generera hemsidetrafik.<\/p>\n<p>De sociala n\u00e4tverken samlar en h\u00e4pnadsv\u00e4ckande m\u00e4ngd av personlig information fr\u00e5n sina anv\u00e4ndares profiler och fr\u00e5n deras vanor p\u00e5 n\u00e4tet. De sociala plattformarna har kommersialiserat dessa resurser genom att l\u00e5ta f\u00f6retag skapa och strukturera kampanjer som riktar sig mot utvalda publiker vilket f\u00f6rs\u00e4krar annons\u00f6ren om att trafiken \u00e4r mer uppm\u00e4rksam och mottaglig.<\/p>\n<p>[\/vc_column_text]<div id=\"ultimate-heading-172069f1f0f67b2c6\" class=\"uvc-heading ult-adjust-bottom-margin ultimate-heading-172069f1f0f67b2c6 uvc-2665 accent-border-color\" data-hspacer=\"line_only\"  data-halign=\"left\" style=\"text-align:left\"><div class=\"uvc-main-heading ult-responsive\"  data-ultimate-target='.uvc-heading.ultimate-heading-172069f1f0f67b2c6 h2'  data-responsive-json-new='{\"font-size\":\"desktop:26px;\",\"line-height\":\"desktop:36px;\"}' ><h2 style=\"--font-weight:theme;margin-bottom:10px;\">Betala-per-klick Specialister<\/h2><\/div><div class=\"uvc-heading-spacer line_only\" style=\"margin-bottom:45px;height:3px;\"><span class=\"uvc-headings-line\" style=\"border-style:solid;border-bottom-width:3px;border-color:#ccc;width:70px;\"><\/span><\/div><\/div>[vc_column_text css=&#8221;.vc_custom_1561064532141{padding-bottom: 35px !important;}&#8221;]Online Innovation har en omfattande f\u00f6rst\u00e5else f\u00f6r de dynamiska s\u00f6kmotorerna och <a href=\"https:\/\/onlineinnovation.se\/index.php\/sociala-medier\/\">sociala plattformarna<\/a>. \u00c4ven om s\u00f6kmotorerna och de sociala plattformarna g\u00f6r det enkelt f\u00f6r kunden att hantera sina egna &#8221;betala -per-klick&#8221; kampanjer s\u00e5 kan f\u00f6retag med f\u00f6rdel dra nytta av v\u00e5r expertis och l\u00e5ta oss ge r\u00e5d kring hur man effektivast implementerar och utf\u00f6r online marknadsf\u00f6ringsstrategier.<\/p>\n<p>Vi erbjuder <a href=\"https:\/\/onlineinnovation.se\/index.php\/seo\/\">s\u00f6kmotormarknadsf\u00f6ring<\/a>\u00a0 (SEM) och social media marknadsf\u00f6ring (SMM) som frist\u00e5ende tj\u00e4nster eller som en del av en bredare marknadsf\u00f6ringskampanj. V\u00e5r kunskap och erfarenhet inom SEM analys och rapportering hj\u00e4lper f\u00f6retag n\u00e5 ut med sina hemsidor genom att \u00f6ka sin hemsidas visibilitet p\u00e5 s\u00f6kmotorer och sociala plattformar.[\/vc_column_text]<div id=\"ultimate-heading-355669f1f0f67b31f\" class=\"uvc-heading ult-adjust-bottom-margin ultimate-heading-355669f1f0f67b31f uvc-1170 accent-border-color\" data-hspacer=\"line_only\"  data-halign=\"left\" style=\"text-align:left\"><div class=\"uvc-main-heading ult-responsive\"  data-ultimate-target='.uvc-heading.ultimate-heading-355669f1f0f67b31f h2'  data-responsive-json-new='{\"font-size\":\"desktop:26px;\",\"line-height\":\"desktop:36px;\"}' ><h2 style=\"--font-weight:theme;margin-bottom:10px;\">Inneh\u00e5llsmarknadsf\u00f6ring och Copywriting<\/h2><\/div><div class=\"uvc-heading-spacer line_only\" style=\"margin-bottom:45px;height:3px;\"><span class=\"uvc-headings-line\" style=\"border-style:solid;border-bottom-width:3px;border-color:#ccc;width:70px;\"><\/span><\/div><\/div>[vc_column_text css=&#8221;.vc_custom_1561064516533{padding-bottom: 35px !important;}&#8221;]P\u00e5 Online Innovation erbjuder vi <a href=\"https:\/\/sv.wikipedia.org\/wiki\/Inneh%C3%A5llsmarknadsf%C3%B6ring\">Inneh\u00e5llsmarknadsf\u00f6ring<\/a> som en allm\u00e4n tj\u00e4nst som kompletterar v\u00e5ra SEO, PPC och <a href=\"https:\/\/onlineinnovation.se\/index.php\/sociala-medier\/\">Sociala media tj\u00e4nster.<\/a> Vi har en erfaren copywriter i v\u00e5rt team som skriver inneh\u00e5ll f\u00f6r SEO, s\u00e4tter ihop effektiva annonser f\u00f6r PPC annonsering och som \u00e4ven skapar och implementerar strategier f\u00f6r sociala media konton f\u00f6r diverse klienter.[\/vc_column_text][\/vc_column][vc_column][\/vc_column][\/vc_row]<\/p>\n<\/div>","protected":false},"excerpt":{"rendered":"<p>[vc_row bg_type=&#8221;image&#8221; parallax_style=&#8221;vcpb-vz-jquery&#8221; bg_image_new=&#8221;id^2312|url^https:\/\/onlineinnovation.se\/wp-content\/uploads\/2019\/06\/Online-Innovation-huvudkvarter-marknadsfo\u0308ring-internet-annosering-skyskrapa.jpg|caption^null|alt^null|title^Online Innovation huvudkvarter marknadsfo\u0308ring internet annosering skyskrapa|description^null&#8221; bg_image_repeat=&#8221;no-repeat&#8221; bg_override=&#8221;ex-full&#8221; type=&#8221;vc_default&#8221; margin_top=&#8221;-50&#8243; css=&#8221;.vc_custom_1561064929863{padding-top: 10% !important;padding-bottom: 10% !important;background-color: #0b5482 !important;}&#8221;][vc_column offset=&#8221;vc_col-lg-12 vc_col-md-12&#8243; css=&#8221;.vc_custom_1526058643829{padding-top: 100px !important;padding-bottom: 20px !important;}&#8221;][\/vc_column][\/vc_row][vc_row type=&#8221;vc_default&#8221; css=&#8221;.vc_custom_1490276038258{padding-top: 70px !important;padding-bottom: 30px !important;}&#8221;][vc_column offset=&#8221;vc_col-lg-6 vc_col-md-6 vc_col-xs-12&#8243; css=&#8221;.vc_custom_1490268456882{padding-bottom: 50px !important;}&#8221;][vc_column_text]Vi skapar digital marknadsf\u00f6ring och online marknadsf\u00f6ringskampanjer f\u00f6r ditt f\u00f6retag och varum\u00e4rke f\u00f6r att f\u00f6rb\u00e4ttra konverteringen&hellip;<\/p>\n","protected":false},"author":3,"featured_media":0,"parent":0,"menu_order":10,"comment_status":"closed","ping_status":"closed","template":"","meta":{"footnotes":""},"class_list":["post-2303","page","type-page","status-publish","hentry","description-off"],"_links":{"self":[{"href":"https:\/\/onlineinnovation.se\/index.php\/wp-json\/wp\/v2\/pages\/2303","targetHints":{"allow":["GET"]}}],"collection":[{"href":"https:\/\/onlineinnovation.se\/index.php\/wp-json\/wp\/v2\/pages"}],"about":[{"href":"https:\/\/onlineinnovation.se\/index.php\/wp-json\/wp\/v2\/types\/page"}],"author":[{"embeddable":true,"href":"https:\/\/onlineinnovation.se\/index.php\/wp-json\/wp\/v2\/users\/3"}],"replies":[{"embeddable":true,"href":"https:\/\/onlineinnovation.se\/index.php\/wp-json\/wp\/v2\/comments?post=2303"}],"version-history":[{"count":7,"href":"https:\/\/onlineinnovation.se\/index.php\/wp-json\/wp\/v2\/pages\/2303\/revisions"}],"predecessor-version":[{"id":2370,"href":"https:\/\/onlineinnovation.se\/index.php\/wp-json\/wp\/v2\/pages\/2303\/revisions\/2370"}],"wp:attachment":[{"href":"https:\/\/onlineinnovation.se\/index.php\/wp-json\/wp\/v2\/media?parent=2303"}],"curies":[{"name":"wp","href":"https:\/\/api.w.org\/{rel}","templated":true}]}}